{"id":2,"date":"2020-09-27T17:36:18","date_gmt":"2020-09-27T15:36:18","guid":{"rendered":"http:\/\/indomerch.fr\/?page_id=2"},"modified":"2025-01-22T21:08:48","modified_gmt":"2025-01-22T20:08:48","slug":"page-d-exemple","status":"publish","type":"page","link":"https:\/\/indomerch.fr\/index.php\/page-d-exemple\/","title":{"rendered":"Qui sommes-nous ?"},"content":{"rendered":"\t\t<div data-elementor-type=\"wp-page\" data-elementor-id=\"2\" class=\"elementor elementor-2\">\n\t\t\t\t\t\t<div class=\"elementor-inner\">\n\t\t\t\t<div class=\"elementor-section-wrap\">\n\t\t\t\t\t\t\t\t\t<section class=\"elementor-section elementor-top-section elementor-element elementor-element-8d0de1d elementor-section-boxed elementor-section-height-default elementor-section-height-default\" data-id=\"8d0de1d\" data-element_type=\"section\">\n\t\t\t\t\t\t<div class=\"elementor-container elementor-column-gap-default\">\n\t\t\t\t\t\t\t<div class=\"elementor-row\">\n\t\t\t\t\t<div class=\"elementor-column elementor-col-100 elementor-top-column elementor-element elementor-element-2efdaaab\" data-id=\"2efdaaab\" data-element_type=\"column\">\n\t\t\t<div class=\"elementor-column-wrap elementor-element-populated\">\n\t\t\t\t\t\t\t<div class=\"elementor-widget-wrap\">\n\t\t\t\t\t\t<div class=\"elementor-element elementor-element-63e397da elementor-widget elementor-widget-text-editor\" data-id=\"63e397da\" data-element_type=\"widget\" data-widget_type=\"text-editor.default\">\n\t\t\t\t<div class=\"elementor-widget-container\">\n\t\t\t\t\t\t\t\t<div class=\"elementor-text-editor elementor-clearfix\">\n\t\t\t\t<p><!-- wp:paragraph --><\/p>\n<p><strong>IndoMerch<\/strong> a \u00e9t\u00e9 cr\u00e9\u00e9 par deux collectionneurs passionn\u00e9s du groupe <strong>Indochine<\/strong>. Vous trouverez ici des photos d&rsquo;articles du <strong>merchandising officiel<\/strong> depuis les d\u00e9buts du groupe jusqu&rsquo;\u00e0 aujourd&rsquo;hui, class\u00e9s par p\u00e9riode.<\/p>\n<p><!-- \/wp:paragraph --><!-- wp:paragraph --><\/p>\n<p>Cette d\u00e9marche a pour but de<strong> valoriser <\/strong>les articles officiels du merchandising, et aider les collectionneurs (ou non) qui cherchent \u00e0 <strong>distinguer<\/strong> les articles officiels des articles non officiels, tr\u00e8s souvent pr\u00e9sents sur les diff\u00e9rentes plateformes de vente.<\/p>\n<p><!-- \/wp:paragraph --><!-- wp:paragraph --><\/p>\n<p>N&rsquo;h\u00e9sitez pas \u00e0 nous <strong>contacter<\/strong> sur nos diff\u00e9rents r\u00e9seaux si vous avez un doute sur une pi\u00e8ce, nous vous aiderons avec plaisir !<\/p>\n<p><!-- \/wp:paragraph --><!-- wp:paragraph --><\/p>\n<p>Retrouvez-nous sur <strong><a href=\"https:\/\/www.instagram.com\/indomerch.fr\/\" target=\"_blank\" rel=\"noreferrer noopener\" data-type=\"URL\" data-id=\"https:\/\/www.instagram.com\/indomerch.fr\/\">Instagram<\/a><\/strong>, <strong><a href=\"https:\/\/www.facebook.com\/indomerch.fr\" target=\"_blank\" rel=\"noreferrer noopener\" data-type=\"URL\" data-id=\"https:\/\/www.facebook.com\/indomerch.fr\">Facebook<\/a><\/strong> et <strong><a href=\"https:\/\/indomerch.bsky.social\" target=\"_blank\" rel=\"noreferrer noopener\" data-type=\"URL\" data-id=\"https:\/\/twitter.com\/indomerch_fr\/\">Bluesky<\/a><\/strong> pour plus d&rsquo;informations sur les articles, et quelques bonus.<\/p>\n<p><!-- \/wp:paragraph --><!-- wp:paragraph --><\/p>\n<p><em data-rich-text-format-boundary=\"true\">IndoMerch est un site de r\u00e9f\u00e9rencement du merchandising officiel d\u2019Indochine. Les objets publi\u00e9s ici ne sont pas \u00e0 vendre.<\/em><\/p>\n<p><em data-rich-text-format-boundary=\"true\">Le merchandising d&rsquo;Indochine est disponible sur la boutique officielle du groupe : <a href=\"https:\/\/indoshop.fr\/\" target=\"_blank\" rel=\"noreferrer noopener\" data-type=\"URL\" data-id=\"https:\/\/indoshop.fr\/\">IndoShop.fr<\/a><\/em><\/p>\t\t\t\t\t<\/div>\n\t\t\t\t\t\t<\/div>\n\t\t\t\t<\/div>\n\t\t\t\t\t\t<\/div>\n\t\t\t\t\t<\/div>\n\t\t<\/div>\n\t\t\t\t\t\t\t\t<\/div>\n\t\t\t\t\t<\/div>\n\t\t<\/section>\n\t\t\t\t\t\t\t\t\t<\/div>\n\t\t\t<\/div>\n\t\t\t\t\t<\/div>\n\t\t","protected":false},"excerpt":{"rendered":"<p>IndoMerch a \u00e9t\u00e9 cr\u00e9\u00e9 par deux collectionneurs passionn\u00e9s du groupe Indochine. Vous trouverez ici des photos d&rsquo;articles du merchandising officiel depuis les d\u00e9buts du groupe jusqu&rsquo;\u00e0 aujourd&rsquo;hui, class\u00e9s par p\u00e9riode. Cette d\u00e9marche a pour but de valoriser les articles officiels du merchandising, et aider les collectionneurs (ou non) qui cherchent \u00e0 distinguer les articles officiels [&hellip;]<\/p>\n","protected":false},"author":1,"featured_media":0,"parent":0,"menu_order":0,"comment_status":"closed","ping_status":"open","template":"","meta":[],"_links":{"self":[{"href":"https:\/\/indomerch.fr\/index.php\/wp-json\/wp\/v2\/pages\/2"}],"collection":[{"href":"https:\/\/indomerch.fr\/index.php\/wp-json\/wp\/v2\/pages"}],"about":[{"href":"https:\/\/indomerch.fr\/index.php\/wp-json\/wp\/v2\/types\/page"}],"author":[{"embeddable":true,"href":"https:\/\/indomerch.fr\/index.php\/wp-json\/wp\/v2\/users\/1"}],"replies":[{"embeddable":true,"href":"https:\/\/indomerch.fr\/index.php\/wp-json\/wp\/v2\/comments?post=2"}],"version-history":[{"count":24,"href":"https:\/\/indomerch.fr\/index.php\/wp-json\/wp\/v2\/pages\/2\/revisions"}],"predecessor-version":[{"id":2568,"href":"https:\/\/indomerch.fr\/index.php\/wp-json\/wp\/v2\/pages\/2\/revisions\/2568"}],"wp:attachment":[{"href":"https:\/\/indomerch.fr\/index.php\/wp-json\/wp\/v2\/media?parent=2"}],"curies":[{"name":"wp","href":"https:\/\/api.w.org\/{rel}","templated":true}]}}