{"id":1278,"date":"2021-11-21T23:20:44","date_gmt":"2021-11-21T22:20:44","guid":{"rendered":"http:\/\/indomerch.fr\/?post_type=product&#038;p=1278"},"modified":"2021-11-21T23:23:20","modified_gmt":"2021-11-21T22:23:20","slug":"t-shirt-black-concert-army","status":"publish","type":"product","link":"https:\/\/indomerch.fr\/index.php\/produit\/t-shirt-black-concert-army\/","title":{"rendered":"T-shirt \u00ab\u00a0Black Concert Army\u00a0\u00bb (Staff)"},"content":{"rendered":"","protected":false},"excerpt":{"rendered":"<p>T-shirt non commercialis\u00e9, utilis\u00e9 par les \u00e9quipes des \u00ab Black City Concerts \u00bb au Stade de France les 27 et 28 juin 2014.<\/p>\n","protected":false},"featured_media":1248,"template":"","meta":[],"product_cat":[34],"product_tag":[199,45],"_links":{"self":[{"href":"https:\/\/indomerch.fr\/index.php\/wp-json\/wp\/v2\/product\/1278"}],"collection":[{"href":"https:\/\/indomerch.fr\/index.php\/wp-json\/wp\/v2\/product"}],"about":[{"href":"https:\/\/indomerch.fr\/index.php\/wp-json\/wp\/v2\/types\/product"}],"version-history":[{"count":2,"href":"https:\/\/indomerch.fr\/index.php\/wp-json\/wp\/v2\/product\/1278\/revisions"}],"predecessor-version":[{"id":1283,"href":"https:\/\/indomerch.fr\/index.php\/wp-json\/wp\/v2\/product\/1278\/revisions\/1283"}],"wp:featuredmedia":[{"embeddable":true,"href":"https:\/\/indomerch.fr\/index.php\/wp-json\/wp\/v2\/media\/1248"}],"wp:attachment":[{"href":"https:\/\/indomerch.fr\/index.php\/wp-json\/wp\/v2\/media?parent=1278"}],"wp:term":[{"taxonomy":"product_cat","embeddable":true,"href":"https:\/\/indomerch.fr\/index.php\/wp-json\/wp\/v2\/product_cat?post=1278"},{"taxonomy":"product_tag","embeddable":true,"href":"https:\/\/indomerch.fr\/index.php\/wp-json\/wp\/v2\/product_tag?post=1278"}],"curies":[{"name":"wp","href":"https:\/\/api.w.org\/{rel}","templated":true}]}}