{"id":1335,"date":"2021-11-27T18:59:25","date_gmt":"2021-11-27T17:59:25","guid":{"rendered":"http:\/\/indomerch.fr\/?post_type=product&#038;p=1335"},"modified":"2021-11-27T19:14:29","modified_gmt":"2021-11-27T18:14:29","slug":"t-shirt-classics-tour-dancetaria-2015","status":"publish","type":"product","link":"https:\/\/indomerch.fr\/index.php\/produit\/t-shirt-classics-tour-dancetaria-2015\/","title":{"rendered":"T-shirt \u00ab\u00a0Classics Tour &#8211; Dancetaria Tour\u00a0\u00bb (2015)"},"content":{"rendered":"","protected":false},"excerpt":{"rendered":"<p>Vendu \u00e0 l&rsquo;occasion du concert au Trianon \u00e0 Paris le 9 d\u00e9cembre 2015 puis en ligne sur l&rsquo;Indoshop le 17 d\u00e9cembre 2015 au prix de 25 \u20ac. Mod\u00e8le unisexe.<\/p>\n","protected":false},"featured_media":1290,"template":"","meta":[],"product_cat":[34],"product_tag":[201,127,45],"_links":{"self":[{"href":"https:\/\/indomerch.fr\/index.php\/wp-json\/wp\/v2\/product\/1335"}],"collection":[{"href":"https:\/\/indomerch.fr\/index.php\/wp-json\/wp\/v2\/product"}],"about":[{"href":"https:\/\/indomerch.fr\/index.php\/wp-json\/wp\/v2\/types\/product"}],"version-history":[{"count":2,"href":"https:\/\/indomerch.fr\/index.php\/wp-json\/wp\/v2\/product\/1335\/revisions"}],"predecessor-version":[{"id":1352,"href":"https:\/\/indomerch.fr\/index.php\/wp-json\/wp\/v2\/product\/1335\/revisions\/1352"}],"wp:featuredmedia":[{"embeddable":true,"href":"https:\/\/indomerch.fr\/index.php\/wp-json\/wp\/v2\/media\/1290"}],"wp:attachment":[{"href":"https:\/\/indomerch.fr\/index.php\/wp-json\/wp\/v2\/media?parent=1335"}],"wp:term":[{"taxonomy":"product_cat","embeddable":true,"href":"https:\/\/indomerch.fr\/index.php\/wp-json\/wp\/v2\/product_cat?post=1335"},{"taxonomy":"product_tag","embeddable":true,"href":"https:\/\/indomerch.fr\/index.php\/wp-json\/wp\/v2\/product_tag?post=1335"}],"curies":[{"name":"wp","href":"https:\/\/api.w.org\/{rel}","templated":true}]}}