{"id":1763,"date":"2022-03-19T18:00:20","date_gmt":"2022-03-19T17:00:20","guid":{"rendered":"http:\/\/indomerch.fr\/?post_type=product&#038;p=1763"},"modified":"2022-03-19T18:00:20","modified_gmt":"2022-03-19T17:00:20","slug":"t-shirt-alice-june-tour-ruban-dore-2eme-version","status":"publish","type":"product","link":"https:\/\/indomerch.fr\/index.php\/produit\/t-shirt-alice-june-tour-ruban-dore-2eme-version\/","title":{"rendered":"T-shirt \u00ab Alice &#038; June Tour \u00bb (ruban dor\u00e9 &#8211; 2\u00e8me version)"},"content":{"rendered":"","protected":false},"excerpt":{"rendered":"<p>Vendu durant la deuxi\u00e8me partie de la tourn\u00e9e \u00ab Alice &amp; June Tour \u00bb en 2007, puis sur l\u2019Indoshop entre avril 2007 et juin 2008, au prix de 25 \u20ac.<\/p>\n","protected":false},"featured_media":1752,"template":"","meta":[],"product_cat":[32],"product_tag":[150,232,45],"_links":{"self":[{"href":"https:\/\/indomerch.fr\/index.php\/wp-json\/wp\/v2\/product\/1763"}],"collection":[{"href":"https:\/\/indomerch.fr\/index.php\/wp-json\/wp\/v2\/product"}],"about":[{"href":"https:\/\/indomerch.fr\/index.php\/wp-json\/wp\/v2\/types\/product"}],"version-history":[{"count":1,"href":"https:\/\/indomerch.fr\/index.php\/wp-json\/wp\/v2\/product\/1763\/revisions"}],"predecessor-version":[{"id":1764,"href":"https:\/\/indomerch.fr\/index.php\/wp-json\/wp\/v2\/product\/1763\/revisions\/1764"}],"wp:featuredmedia":[{"embeddable":true,"href":"https:\/\/indomerch.fr\/index.php\/wp-json\/wp\/v2\/media\/1752"}],"wp:attachment":[{"href":"https:\/\/indomerch.fr\/index.php\/wp-json\/wp\/v2\/media?parent=1763"}],"wp:term":[{"taxonomy":"product_cat","embeddable":true,"href":"https:\/\/indomerch.fr\/index.php\/wp-json\/wp\/v2\/product_cat?post=1763"},{"taxonomy":"product_tag","embeddable":true,"href":"https:\/\/indomerch.fr\/index.php\/wp-json\/wp\/v2\/product_tag?post=1763"}],"curies":[{"name":"wp","href":"https:\/\/api.w.org\/{rel}","templated":true}]}}