{"id":190,"date":"2020-11-05T14:04:11","date_gmt":"2020-11-05T13:04:11","guid":{"rendered":"http:\/\/indomerch.fr\/?post_type=product&#038;p=190"},"modified":"2022-02-13T18:33:28","modified_gmt":"2022-02-13T17:33:28","slug":"t-shirt-raye-armoiries","status":"publish","type":"product","link":"https:\/\/indomerch.fr\/index.php\/produit\/t-shirt-raye-armoiries\/","title":{"rendered":"T-shirt marini\u00e8re \u00ab\u00a0Armoiries\u00a0\u00bb (noir et blanc)"},"content":{"rendered":"","protected":false},"excerpt":{"rendered":"<p><span class=\"\" title=\"Modifi\u00e9\">Impression rouge sur rayures noires et blanches.<\/span><\/p>\n<p><span class=\"\" title=\"Modifi\u00e9\">Vendu au prix de 22 \u20ac en 2009\/2010, exclusivement en mod\u00e8le homme. Il existe deux mod\u00e8les femme similaires, l&rsquo;un ray\u00e9 gris et l&rsquo;autre raye\u0301 bleu clair.<br \/>\n<\/span><\/p>\n","protected":false},"featured_media":192,"template":"","meta":[],"product_cat":[33],"product_tag":[176,46,45],"_links":{"self":[{"href":"https:\/\/indomerch.fr\/index.php\/wp-json\/wp\/v2\/product\/190"}],"collection":[{"href":"https:\/\/indomerch.fr\/index.php\/wp-json\/wp\/v2\/product"}],"about":[{"href":"https:\/\/indomerch.fr\/index.php\/wp-json\/wp\/v2\/types\/product"}],"version-history":[{"count":5,"href":"https:\/\/indomerch.fr\/index.php\/wp-json\/wp\/v2\/product\/190\/revisions"}],"predecessor-version":[{"id":1708,"href":"https:\/\/indomerch.fr\/index.php\/wp-json\/wp\/v2\/product\/190\/revisions\/1708"}],"wp:featuredmedia":[{"embeddable":true,"href":"https:\/\/indomerch.fr\/index.php\/wp-json\/wp\/v2\/media\/192"}],"wp:attachment":[{"href":"https:\/\/indomerch.fr\/index.php\/wp-json\/wp\/v2\/media?parent=190"}],"wp:term":[{"taxonomy":"product_cat","embeddable":true,"href":"https:\/\/indomerch.fr\/index.php\/wp-json\/wp\/v2\/product_cat?post=190"},{"taxonomy":"product_tag","embeddable":true,"href":"https:\/\/indomerch.fr\/index.php\/wp-json\/wp\/v2\/product_tag?post=190"}],"curies":[{"name":"wp","href":"https:\/\/api.w.org\/{rel}","templated":true}]}}