{"id":199,"date":"2020-11-05T14:11:24","date_gmt":"2020-11-05T13:11:24","guid":{"rendered":"http:\/\/indomerch.fr\/?post_type=product&#038;p=199"},"modified":"2021-05-13T13:38:39","modified_gmt":"2021-05-13T11:38:39","slug":"t-shirt-festivals-13-tour","status":"publish","type":"product","link":"https:\/\/indomerch.fr\/index.php\/produit\/t-shirt-festivals-13-tour\/","title":{"rendered":"T-shirt \u00ab\u00a013 Tour &#8211; Festival\u00a0\u00bb"},"content":{"rendered":"","protected":false},"excerpt":{"rendered":"<p><span class=\"\">Vendu durant les festivals de l&rsquo;\u00e9t\u00e9 2018 entre le 23 juin 2018 et le 27 juillet 2018, puis sur quelques dates \u00e0 la fin de l&rsquo;ann\u00e9e 2018, au prix de 25 \u20ac.<br \/>\n<\/span><\/p>\n","protected":false},"featured_media":200,"template":"","meta":[],"product_cat":[124],"product_tag":[49,140,45],"_links":{"self":[{"href":"https:\/\/indomerch.fr\/index.php\/wp-json\/wp\/v2\/product\/199"}],"collection":[{"href":"https:\/\/indomerch.fr\/index.php\/wp-json\/wp\/v2\/product"}],"about":[{"href":"https:\/\/indomerch.fr\/index.php\/wp-json\/wp\/v2\/types\/product"}],"version-history":[{"count":6,"href":"https:\/\/indomerch.fr\/index.php\/wp-json\/wp\/v2\/product\/199\/revisions"}],"predecessor-version":[{"id":809,"href":"https:\/\/indomerch.fr\/index.php\/wp-json\/wp\/v2\/product\/199\/revisions\/809"}],"wp:featuredmedia":[{"embeddable":true,"href":"https:\/\/indomerch.fr\/index.php\/wp-json\/wp\/v2\/media\/200"}],"wp:attachment":[{"href":"https:\/\/indomerch.fr\/index.php\/wp-json\/wp\/v2\/media?parent=199"}],"wp:term":[{"taxonomy":"product_cat","embeddable":true,"href":"https:\/\/indomerch.fr\/index.php\/wp-json\/wp\/v2\/product_cat?post=199"},{"taxonomy":"product_tag","embeddable":true,"href":"https:\/\/indomerch.fr\/index.php\/wp-json\/wp\/v2\/product_tag?post=199"}],"curies":[{"name":"wp","href":"https:\/\/api.w.org\/{rel}","templated":true}]}}