{"id":2006,"date":"2023-06-03T22:33:16","date_gmt":"2023-06-03T20:33:16","guid":{"rendered":"http:\/\/indomerch.fr\/?post_type=product&#038;p=2006"},"modified":"2023-09-16T16:53:37","modified_gmt":"2023-09-16T14:53:37","slug":"pass-13-tour-festival","status":"publish","type":"product","link":"https:\/\/indomerch.fr\/index.php\/produit\/pass-13-tour-festival\/","title":{"rendered":"Pass \u00ab Festival 13 Tour \u00bb"},"content":{"rendered":"","protected":false},"excerpt":{"rendered":"<p>Pass de concert \u00ab Festival 13 Tour \u00bb destin\u00e9 aux invit\u00e9s VIP durant le concert du 13 juillet 2018 du Festival de N\u00eemes.<\/p>\n","protected":false},"featured_media":1998,"template":"","meta":[],"product_cat":[124],"product_tag":[49,140,193],"_links":{"self":[{"href":"https:\/\/indomerch.fr\/index.php\/wp-json\/wp\/v2\/product\/2006"}],"collection":[{"href":"https:\/\/indomerch.fr\/index.php\/wp-json\/wp\/v2\/product"}],"about":[{"href":"https:\/\/indomerch.fr\/index.php\/wp-json\/wp\/v2\/types\/product"}],"version-history":[{"count":3,"href":"https:\/\/indomerch.fr\/index.php\/wp-json\/wp\/v2\/product\/2006\/revisions"}],"predecessor-version":[{"id":2069,"href":"https:\/\/indomerch.fr\/index.php\/wp-json\/wp\/v2\/product\/2006\/revisions\/2069"}],"wp:featuredmedia":[{"embeddable":true,"href":"https:\/\/indomerch.fr\/index.php\/wp-json\/wp\/v2\/media\/1998"}],"wp:attachment":[{"href":"https:\/\/indomerch.fr\/index.php\/wp-json\/wp\/v2\/media?parent=2006"}],"wp:term":[{"taxonomy":"product_cat","embeddable":true,"href":"https:\/\/indomerch.fr\/index.php\/wp-json\/wp\/v2\/product_cat?post=2006"},{"taxonomy":"product_tag","embeddable":true,"href":"https:\/\/indomerch.fr\/index.php\/wp-json\/wp\/v2\/product_tag?post=2006"}],"curies":[{"name":"wp","href":"https:\/\/api.w.org\/{rel}","templated":true}]}}