{"id":2008,"date":"2023-06-03T22:36:25","date_gmt":"2023-06-03T20:36:25","guid":{"rendered":"http:\/\/indomerch.fr\/?post_type=product&#038;p=2008"},"modified":"2023-09-16T16:54:18","modified_gmt":"2023-09-16T14:54:18","slug":"pass-13-tour-festival-2","status":"publish","type":"product","link":"https:\/\/indomerch.fr\/index.php\/produit\/pass-13-tour-festival-2\/","title":{"rendered":"Pass \u00ab Festival 13 Tour \u00bb"},"content":{"rendered":"","protected":false},"excerpt":{"rendered":"<p>Pass de concert \u00ab Festival 13 Tour \u00bb destin\u00e9 aux invit\u00e9s VIP durant le concert du 13 juillet 2018 du Festival de N\u00eemes.<\/p>\n","protected":false},"featured_media":1998,"template":"","meta":[],"product_cat":[141],"product_tag":[49,140,193],"_links":{"self":[{"href":"https:\/\/indomerch.fr\/index.php\/wp-json\/wp\/v2\/product\/2008"}],"collection":[{"href":"https:\/\/indomerch.fr\/index.php\/wp-json\/wp\/v2\/product"}],"about":[{"href":"https:\/\/indomerch.fr\/index.php\/wp-json\/wp\/v2\/types\/product"}],"version-history":[{"count":2,"href":"https:\/\/indomerch.fr\/index.php\/wp-json\/wp\/v2\/product\/2008\/revisions"}],"predecessor-version":[{"id":2070,"href":"https:\/\/indomerch.fr\/index.php\/wp-json\/wp\/v2\/product\/2008\/revisions\/2070"}],"wp:featuredmedia":[{"embeddable":true,"href":"https:\/\/indomerch.fr\/index.php\/wp-json\/wp\/v2\/media\/1998"}],"wp:attachment":[{"href":"https:\/\/indomerch.fr\/index.php\/wp-json\/wp\/v2\/media?parent=2008"}],"wp:term":[{"taxonomy":"product_cat","embeddable":true,"href":"https:\/\/indomerch.fr\/index.php\/wp-json\/wp\/v2\/product_cat?post=2008"},{"taxonomy":"product_tag","embeddable":true,"href":"https:\/\/indomerch.fr\/index.php\/wp-json\/wp\/v2\/product_tag?post=2008"}],"curies":[{"name":"wp","href":"https:\/\/api.w.org\/{rel}","templated":true}]}}