{"id":228,"date":"2020-11-05T14:25:09","date_gmt":"2020-11-05T13:25:09","guid":{"rendered":"http:\/\/indomerch.fr\/?post_type=product&#038;p=228"},"modified":"2022-01-22T23:21:51","modified_gmt":"2022-01-22T22:21:51","slug":"sac-noir-paradize","status":"publish","type":"product","link":"https:\/\/indomerch.fr\/index.php\/produit\/sac-noir-paradize\/","title":{"rendered":"Sac \u00ab\u00a0Paradize\u00a0\u00bb (noir)"},"content":{"rendered":"","protected":false},"excerpt":{"rendered":"<p><span class=\"\">Sac besace sorti \u00e0 l\u2019\u00e9poque du \u00ab\u00a0Paradize Tour\u00a0\u00bb (2002\/2003).<\/span><\/p>\n<p><span class=\"\">Ce mod\u00e8le \u00e9tait \u00e9galement disponible dans une deuxi\u00e8me version, en couleur kaki.<\/span><\/p>\n","protected":false},"featured_media":212,"template":"","meta":[],"product_cat":[31],"product_tag":[43,159,55],"_links":{"self":[{"href":"https:\/\/indomerch.fr\/index.php\/wp-json\/wp\/v2\/product\/228"}],"collection":[{"href":"https:\/\/indomerch.fr\/index.php\/wp-json\/wp\/v2\/product"}],"about":[{"href":"https:\/\/indomerch.fr\/index.php\/wp-json\/wp\/v2\/types\/product"}],"version-history":[{"count":4,"href":"https:\/\/indomerch.fr\/index.php\/wp-json\/wp\/v2\/product\/228\/revisions"}],"predecessor-version":[{"id":1590,"href":"https:\/\/indomerch.fr\/index.php\/wp-json\/wp\/v2\/product\/228\/revisions\/1590"}],"wp:featuredmedia":[{"embeddable":true,"href":"https:\/\/indomerch.fr\/index.php\/wp-json\/wp\/v2\/media\/212"}],"wp:attachment":[{"href":"https:\/\/indomerch.fr\/index.php\/wp-json\/wp\/v2\/media?parent=228"}],"wp:term":[{"taxonomy":"product_cat","embeddable":true,"href":"https:\/\/indomerch.fr\/index.php\/wp-json\/wp\/v2\/product_cat?post=228"},{"taxonomy":"product_tag","embeddable":true,"href":"https:\/\/indomerch.fr\/index.php\/wp-json\/wp\/v2\/product_tag?post=228"}],"curies":[{"name":"wp","href":"https:\/\/api.w.org\/{rel}","templated":true}]}}