{"id":2296,"date":"2024-02-03T17:43:53","date_gmt":"2024-02-03T16:43:53","guid":{"rendered":"http:\/\/indomerch.fr\/?post_type=product&#038;p=2296"},"modified":"2024-02-03T17:43:54","modified_gmt":"2024-02-03T16:43:54","slug":"coupe-vent-meteor-soldier-staff","status":"publish","type":"product","link":"https:\/\/indomerch.fr\/index.php\/produit\/coupe-vent-meteor-soldier-staff\/","title":{"rendered":"Coupe vent \u00ab Meteor Soldier \u00bb (Staff)"},"content":{"rendered":"","protected":false},"excerpt":{"rendered":"<p>Coupe vent non commercialis\u00e9, utilis\u00e9 par les \u00e9quipes techniques et du staff pour le concert au Stade de France du 26 juin 2010 \u00e0 Paris.<\/p>\n","protected":false},"featured_media":2259,"template":"","meta":[],"product_cat":[33],"product_tag":[236,242,145],"_links":{"self":[{"href":"https:\/\/indomerch.fr\/index.php\/wp-json\/wp\/v2\/product\/2296"}],"collection":[{"href":"https:\/\/indomerch.fr\/index.php\/wp-json\/wp\/v2\/product"}],"about":[{"href":"https:\/\/indomerch.fr\/index.php\/wp-json\/wp\/v2\/types\/product"}],"version-history":[{"count":1,"href":"https:\/\/indomerch.fr\/index.php\/wp-json\/wp\/v2\/product\/2296\/revisions"}],"predecessor-version":[{"id":2297,"href":"https:\/\/indomerch.fr\/index.php\/wp-json\/wp\/v2\/product\/2296\/revisions\/2297"}],"wp:featuredmedia":[{"embeddable":true,"href":"https:\/\/indomerch.fr\/index.php\/wp-json\/wp\/v2\/media\/2259"}],"wp:attachment":[{"href":"https:\/\/indomerch.fr\/index.php\/wp-json\/wp\/v2\/media?parent=2296"}],"wp:term":[{"taxonomy":"product_cat","embeddable":true,"href":"https:\/\/indomerch.fr\/index.php\/wp-json\/wp\/v2\/product_cat?post=2296"},{"taxonomy":"product_tag","embeddable":true,"href":"https:\/\/indomerch.fr\/index.php\/wp-json\/wp\/v2\/product_tag?post=2296"}],"curies":[{"name":"wp","href":"https:\/\/api.w.org\/{rel}","templated":true}]}}