{"id":2347,"date":"2024-02-11T16:36:25","date_gmt":"2024-02-11T15:36:25","guid":{"rendered":"http:\/\/indomerch.fr\/?post_type=product&#038;p=2347"},"modified":"2024-03-30T11:03:49","modified_gmt":"2024-03-30T10:03:49","slug":"coupe-vent-dancetaria-tour-staff-2","status":"publish","type":"product","link":"https:\/\/indomerch.fr\/index.php\/produit\/coupe-vent-dancetaria-tour-staff-2\/","title":{"rendered":"Blouson \u00ab Dancetaria Tour \u00bb (Staff)"},"content":{"rendered":"","protected":false},"excerpt":{"rendered":"<p>Blouson non commercialis\u00e9, utilis\u00e9 par les \u00e9quipes techniques et du staff pour la tourn\u00e9e du \u00ab Dancetaria Tour \u00bb en 1999\/2000.<\/p>\n","protected":false},"featured_media":2256,"template":"","meta":[],"product_cat":[141],"product_tag":[284,213,145],"_links":{"self":[{"href":"https:\/\/indomerch.fr\/index.php\/wp-json\/wp\/v2\/product\/2347"}],"collection":[{"href":"https:\/\/indomerch.fr\/index.php\/wp-json\/wp\/v2\/product"}],"about":[{"href":"https:\/\/indomerch.fr\/index.php\/wp-json\/wp\/v2\/types\/product"}],"version-history":[{"count":3,"href":"https:\/\/indomerch.fr\/index.php\/wp-json\/wp\/v2\/product\/2347\/revisions"}],"predecessor-version":[{"id":2451,"href":"https:\/\/indomerch.fr\/index.php\/wp-json\/wp\/v2\/product\/2347\/revisions\/2451"}],"wp:featuredmedia":[{"embeddable":true,"href":"https:\/\/indomerch.fr\/index.php\/wp-json\/wp\/v2\/media\/2256"}],"wp:attachment":[{"href":"https:\/\/indomerch.fr\/index.php\/wp-json\/wp\/v2\/media?parent=2347"}],"wp:term":[{"taxonomy":"product_cat","embeddable":true,"href":"https:\/\/indomerch.fr\/index.php\/wp-json\/wp\/v2\/product_cat?post=2347"},{"taxonomy":"product_tag","embeddable":true,"href":"https:\/\/indomerch.fr\/index.php\/wp-json\/wp\/v2\/product_tag?post=2347"}],"curies":[{"name":"wp","href":"https:\/\/api.w.org\/{rel}","templated":true}]}}