{"id":2359,"date":"2024-02-11T17:01:35","date_gmt":"2024-02-11T16:01:35","guid":{"rendered":"http:\/\/indomerch.fr\/?post_type=product&#038;p=2359"},"modified":"2024-02-11T17:01:36","modified_gmt":"2024-02-11T16:01:36","slug":"veste-wax-tour-staff","status":"publish","type":"product","link":"https:\/\/indomerch.fr\/index.php\/produit\/veste-wax-tour-staff\/","title":{"rendered":"Veste \u00ab Wax Tour \u00bb (Staff)"},"content":{"rendered":"","protected":false},"excerpt":{"rendered":"<p>Veste non commercialis\u00e9e, utilis\u00e9e par les \u00e9quipes de la tourn\u00e9e du \u00ab Wax Tour \u00bb entre 1996 et 1997.<\/p>\n","protected":false},"featured_media":2262,"template":"","meta":[],"product_cat":[29],"product_tag":[139,100,99],"_links":{"self":[{"href":"https:\/\/indomerch.fr\/index.php\/wp-json\/wp\/v2\/product\/2359"}],"collection":[{"href":"https:\/\/indomerch.fr\/index.php\/wp-json\/wp\/v2\/product"}],"about":[{"href":"https:\/\/indomerch.fr\/index.php\/wp-json\/wp\/v2\/types\/product"}],"version-history":[{"count":1,"href":"https:\/\/indomerch.fr\/index.php\/wp-json\/wp\/v2\/product\/2359\/revisions"}],"predecessor-version":[{"id":2360,"href":"https:\/\/indomerch.fr\/index.php\/wp-json\/wp\/v2\/product\/2359\/revisions\/2360"}],"wp:featuredmedia":[{"embeddable":true,"href":"https:\/\/indomerch.fr\/index.php\/wp-json\/wp\/v2\/media\/2262"}],"wp:attachment":[{"href":"https:\/\/indomerch.fr\/index.php\/wp-json\/wp\/v2\/media?parent=2359"}],"wp:term":[{"taxonomy":"product_cat","embeddable":true,"href":"https:\/\/indomerch.fr\/index.php\/wp-json\/wp\/v2\/product_cat?post=2359"},{"taxonomy":"product_tag","embeddable":true,"href":"https:\/\/indomerch.fr\/index.php\/wp-json\/wp\/v2\/product_tag?post=2359"}],"curies":[{"name":"wp","href":"https:\/\/api.w.org\/{rel}","templated":true}]}}