{"id":2406,"date":"2024-03-16T18:12:41","date_gmt":"2024-03-16T17:12:41","guid":{"rendered":"http:\/\/indomerch.fr\/?post_type=product&#038;p=2406"},"modified":"2024-03-16T18:12:41","modified_gmt":"2024-03-16T17:12:41","slug":"t-shirt-fleur-violet","status":"publish","type":"product","link":"https:\/\/indomerch.fr\/index.php\/produit\/t-shirt-fleur-violet\/","title":{"rendered":"T-shirt \u00ab Fleur \u00bb (violet)"},"content":{"rendered":"","protected":false},"excerpt":{"rendered":"<p>Vendu sur l\u2019Indoshop \u00e0 compter du mois de septembre 2006, mais aussi pendant la deuxi\u00e8me partie de la tourn\u00e9e \u00ab Alice &amp; June Tour \u00bb en 2006 et 2007, au prix de 25 \u20ac.<\/p>\n","protected":false},"featured_media":2399,"template":"","meta":[],"product_cat":[32],"product_tag":[150,281,45],"_links":{"self":[{"href":"https:\/\/indomerch.fr\/index.php\/wp-json\/wp\/v2\/product\/2406"}],"collection":[{"href":"https:\/\/indomerch.fr\/index.php\/wp-json\/wp\/v2\/product"}],"about":[{"href":"https:\/\/indomerch.fr\/index.php\/wp-json\/wp\/v2\/types\/product"}],"version-history":[{"count":1,"href":"https:\/\/indomerch.fr\/index.php\/wp-json\/wp\/v2\/product\/2406\/revisions"}],"predecessor-version":[{"id":2407,"href":"https:\/\/indomerch.fr\/index.php\/wp-json\/wp\/v2\/product\/2406\/revisions\/2407"}],"wp:featuredmedia":[{"embeddable":true,"href":"https:\/\/indomerch.fr\/index.php\/wp-json\/wp\/v2\/media\/2399"}],"wp:attachment":[{"href":"https:\/\/indomerch.fr\/index.php\/wp-json\/wp\/v2\/media?parent=2406"}],"wp:term":[{"taxonomy":"product_cat","embeddable":true,"href":"https:\/\/indomerch.fr\/index.php\/wp-json\/wp\/v2\/product_cat?post=2406"},{"taxonomy":"product_tag","embeddable":true,"href":"https:\/\/indomerch.fr\/index.php\/wp-json\/wp\/v2\/product_tag?post=2406"}],"curies":[{"name":"wp","href":"https:\/\/api.w.org\/{rel}","templated":true}]}}