{"id":2454,"date":"2024-03-30T11:02:53","date_gmt":"2024-03-30T10:02:53","guid":{"rendered":"http:\/\/indomerch.fr\/?post_type=product&#038;p=2454"},"modified":"2024-03-30T11:02:53","modified_gmt":"2024-03-30T10:02:53","slug":"blouson-dancetaria-tour-groupe-2","status":"publish","type":"product","link":"https:\/\/indomerch.fr\/index.php\/produit\/blouson-dancetaria-tour-groupe-2\/","title":{"rendered":"Blouson \u00ab Dancetaria Tour \u00bb (Groupe)"},"content":{"rendered":"","protected":false},"excerpt":{"rendered":"<p>Blouson non commercialis\u00e9, utilis\u00e9 par les membres du groupe pour la tourn\u00e9e du \u00ab Dancetaria Tour \u00bb en 1999\/2000.<\/p>\n","protected":false},"featured_media":2444,"template":"","meta":[],"product_cat":[141],"product_tag":[284,213],"_links":{"self":[{"href":"https:\/\/indomerch.fr\/index.php\/wp-json\/wp\/v2\/product\/2454"}],"collection":[{"href":"https:\/\/indomerch.fr\/index.php\/wp-json\/wp\/v2\/product"}],"about":[{"href":"https:\/\/indomerch.fr\/index.php\/wp-json\/wp\/v2\/types\/product"}],"version-history":[{"count":1,"href":"https:\/\/indomerch.fr\/index.php\/wp-json\/wp\/v2\/product\/2454\/revisions"}],"predecessor-version":[{"id":2455,"href":"https:\/\/indomerch.fr\/index.php\/wp-json\/wp\/v2\/product\/2454\/revisions\/2455"}],"wp:featuredmedia":[{"embeddable":true,"href":"https:\/\/indomerch.fr\/index.php\/wp-json\/wp\/v2\/media\/2444"}],"wp:attachment":[{"href":"https:\/\/indomerch.fr\/index.php\/wp-json\/wp\/v2\/media?parent=2454"}],"wp:term":[{"taxonomy":"product_cat","embeddable":true,"href":"https:\/\/indomerch.fr\/index.php\/wp-json\/wp\/v2\/product_cat?post=2454"},{"taxonomy":"product_tag","embeddable":true,"href":"https:\/\/indomerch.fr\/index.php\/wp-json\/wp\/v2\/product_tag?post=2454"}],"curies":[{"name":"wp","href":"https:\/\/api.w.org\/{rel}","templated":true}]}}