{"id":2523,"date":"2024-06-15T19:04:56","date_gmt":"2024-06-15T17:04:56","guid":{"rendered":"http:\/\/indomerch.fr\/?post_type=product&#038;p=2523"},"modified":"2024-06-15T19:04:57","modified_gmt":"2024-06-15T17:04:57","slug":"t-shirt-paradize-tour-acte-iii","status":"publish","type":"product","link":"https:\/\/indomerch.fr\/index.php\/produit\/t-shirt-paradize-tour-acte-iii\/","title":{"rendered":"T-shirt \u00ab Paradize Tour \u2013 Acte III \u00bb"},"content":{"rendered":"","protected":false},"excerpt":{"rendered":"<div class=\"woocommerce-product-details__short-description\">\n<p><span class=\"\">Dates de l\u2019acte III de la tourn\u00e9e Paradize Tour au dos du t-shirt.<br \/>\n<\/span><\/p>\n<p><span class=\"\">Ce mod\u00e8le a \u00e9t\u00e9 vendu pendant la tourn\u00e9e Paradize Tour (2002\/2003) puis en ligne entre 2002 et 2005 au prix de 25 \u20ac.<\/span><\/p>\n<\/div>\n","protected":false},"featured_media":2518,"template":"","meta":[],"product_cat":[31],"product_tag":[219,159,45],"_links":{"self":[{"href":"https:\/\/indomerch.fr\/index.php\/wp-json\/wp\/v2\/product\/2523"}],"collection":[{"href":"https:\/\/indomerch.fr\/index.php\/wp-json\/wp\/v2\/product"}],"about":[{"href":"https:\/\/indomerch.fr\/index.php\/wp-json\/wp\/v2\/types\/product"}],"version-history":[{"count":1,"href":"https:\/\/indomerch.fr\/index.php\/wp-json\/wp\/v2\/product\/2523\/revisions"}],"predecessor-version":[{"id":2524,"href":"https:\/\/indomerch.fr\/index.php\/wp-json\/wp\/v2\/product\/2523\/revisions\/2524"}],"wp:featuredmedia":[{"embeddable":true,"href":"https:\/\/indomerch.fr\/index.php\/wp-json\/wp\/v2\/media\/2518"}],"wp:attachment":[{"href":"https:\/\/indomerch.fr\/index.php\/wp-json\/wp\/v2\/media?parent=2523"}],"wp:term":[{"taxonomy":"product_cat","embeddable":true,"href":"https:\/\/indomerch.fr\/index.php\/wp-json\/wp\/v2\/product_cat?post=2523"},{"taxonomy":"product_tag","embeddable":true,"href":"https:\/\/indomerch.fr\/index.php\/wp-json\/wp\/v2\/product_tag?post=2523"}],"curies":[{"name":"wp","href":"https:\/\/api.w.org\/{rel}","templated":true}]}}