{"id":2676,"date":"2026-01-17T12:44:42","date_gmt":"2026-01-17T11:44:42","guid":{"rendered":"https:\/\/indomerch.fr\/?post_type=product&#038;p=2676"},"modified":"2026-01-17T12:44:42","modified_gmt":"2026-01-17T11:44:42","slug":"t-shirt-arena-tour-amneville","status":"publish","type":"product","link":"https:\/\/indomerch.fr\/index.php\/produit\/t-shirt-arena-tour-amneville\/","title":{"rendered":"T-shirt \u00ab Arena Tour \u00bb (Amn\u00e9ville)"},"content":{"rendered":"","protected":false},"excerpt":{"rendered":"<p>Vendu durant les 4 premiers concerts de l\u2019Arena Tour \u00e0 Amn\u00e9ville entre le 18 et le 22 f\u00e9vrier 2025, au prix de 35 \u20ac.<\/p>\n","protected":false},"featured_media":2664,"template":"","meta":[],"product_cat":[290],"product_tag":[307,298,45],"_links":{"self":[{"href":"https:\/\/indomerch.fr\/index.php\/wp-json\/wp\/v2\/product\/2676"}],"collection":[{"href":"https:\/\/indomerch.fr\/index.php\/wp-json\/wp\/v2\/product"}],"about":[{"href":"https:\/\/indomerch.fr\/index.php\/wp-json\/wp\/v2\/types\/product"}],"version-history":[{"count":1,"href":"https:\/\/indomerch.fr\/index.php\/wp-json\/wp\/v2\/product\/2676\/revisions"}],"predecessor-version":[{"id":2677,"href":"https:\/\/indomerch.fr\/index.php\/wp-json\/wp\/v2\/product\/2676\/revisions\/2677"}],"wp:featuredmedia":[{"embeddable":true,"href":"https:\/\/indomerch.fr\/index.php\/wp-json\/wp\/v2\/media\/2664"}],"wp:attachment":[{"href":"https:\/\/indomerch.fr\/index.php\/wp-json\/wp\/v2\/media?parent=2676"}],"wp:term":[{"taxonomy":"product_cat","embeddable":true,"href":"https:\/\/indomerch.fr\/index.php\/wp-json\/wp\/v2\/product_cat?post=2676"},{"taxonomy":"product_tag","embeddable":true,"href":"https:\/\/indomerch.fr\/index.php\/wp-json\/wp\/v2\/product_tag?post=2676"}],"curies":[{"name":"wp","href":"https:\/\/api.w.org\/{rel}","templated":true}]}}