{"id":2758,"date":"2026-03-14T17:59:47","date_gmt":"2026-03-14T16:59:47","guid":{"rendered":"https:\/\/indomerch.fr\/?post_type=product&#038;p=2758"},"modified":"2026-03-14T17:59:47","modified_gmt":"2026-03-14T16:59:47","slug":"collier-lamour-fou","status":"publish","type":"product","link":"https:\/\/indomerch.fr\/index.php\/produit\/collier-lamour-fou\/","title":{"rendered":"Collier \u00ab\u00a0L&rsquo;amour fou\u00a0\u00bb"},"content":{"rendered":"","protected":false},"excerpt":{"rendered":"<p>Vendu \u00e0 100 exemplaires durant les 4 premi\u00e8res dates \u00e0 Paris\u00a0 lors de l&rsquo;Arena Tour, entre le 17 et le 21 juin 2025, puis \u00e0 partir du 10 octobre 2025, durant la deuxi\u00e8me partie de la tourn\u00e9e.<\/p>\n<p>Ce collier a \u00e9t\u00e9 vendu au prix de 25 \u20ac.<\/p>\n","protected":false},"featured_media":2743,"template":"","meta":[],"product_cat":[290],"product_tag":[298,106,314],"_links":{"self":[{"href":"https:\/\/indomerch.fr\/index.php\/wp-json\/wp\/v2\/product\/2758"}],"collection":[{"href":"https:\/\/indomerch.fr\/index.php\/wp-json\/wp\/v2\/product"}],"about":[{"href":"https:\/\/indomerch.fr\/index.php\/wp-json\/wp\/v2\/types\/product"}],"version-history":[{"count":1,"href":"https:\/\/indomerch.fr\/index.php\/wp-json\/wp\/v2\/product\/2758\/revisions"}],"predecessor-version":[{"id":2759,"href":"https:\/\/indomerch.fr\/index.php\/wp-json\/wp\/v2\/product\/2758\/revisions\/2759"}],"wp:featuredmedia":[{"embeddable":true,"href":"https:\/\/indomerch.fr\/index.php\/wp-json\/wp\/v2\/media\/2743"}],"wp:attachment":[{"href":"https:\/\/indomerch.fr\/index.php\/wp-json\/wp\/v2\/media?parent=2758"}],"wp:term":[{"taxonomy":"product_cat","embeddable":true,"href":"https:\/\/indomerch.fr\/index.php\/wp-json\/wp\/v2\/product_cat?post=2758"},{"taxonomy":"product_tag","embeddable":true,"href":"https:\/\/indomerch.fr\/index.php\/wp-json\/wp\/v2\/product_tag?post=2758"}],"curies":[{"name":"wp","href":"https:\/\/api.w.org\/{rel}","templated":true}]}}