{"id":2850,"date":"2026-04-04T15:06:46","date_gmt":"2026-04-04T13:06:46","guid":{"rendered":"https:\/\/indomerch.fr\/?post_type=product&#038;p=2850"},"modified":"2026-04-04T15:09:24","modified_gmt":"2026-04-04T13:09:24","slug":"pins-arena-tour-dore","status":"publish","type":"product","link":"https:\/\/indomerch.fr\/index.php\/produit\/pins-arena-tour-dore\/","title":{"rendered":"Pin\u2019s \u00ab Arena Tour \u00bb (Dor\u00e9)"},"content":{"rendered":"","protected":false},"excerpt":{"rendered":"<p>Offert durant la deuxi\u00e8me partie de la tourn\u00e9e de l\u2019Arena Tour, lors du tamponnage des passeports.<\/p>\n","protected":false},"featured_media":2815,"template":"","meta":[],"product_cat":[290],"product_tag":[298,196],"_links":{"self":[{"href":"https:\/\/indomerch.fr\/index.php\/wp-json\/wp\/v2\/product\/2850"}],"collection":[{"href":"https:\/\/indomerch.fr\/index.php\/wp-json\/wp\/v2\/product"}],"about":[{"href":"https:\/\/indomerch.fr\/index.php\/wp-json\/wp\/v2\/types\/product"}],"version-history":[{"count":2,"href":"https:\/\/indomerch.fr\/index.php\/wp-json\/wp\/v2\/product\/2850\/revisions"}],"predecessor-version":[{"id":2852,"href":"https:\/\/indomerch.fr\/index.php\/wp-json\/wp\/v2\/product\/2850\/revisions\/2852"}],"wp:featuredmedia":[{"embeddable":true,"href":"https:\/\/indomerch.fr\/index.php\/wp-json\/wp\/v2\/media\/2815"}],"wp:attachment":[{"href":"https:\/\/indomerch.fr\/index.php\/wp-json\/wp\/v2\/media?parent=2850"}],"wp:term":[{"taxonomy":"product_cat","embeddable":true,"href":"https:\/\/indomerch.fr\/index.php\/wp-json\/wp\/v2\/product_cat?post=2850"},{"taxonomy":"product_tag","embeddable":true,"href":"https:\/\/indomerch.fr\/index.php\/wp-json\/wp\/v2\/product_tag?post=2850"}],"curies":[{"name":"wp","href":"https:\/\/api.w.org\/{rel}","templated":true}]}}