{"id":315,"date":"2021-03-01T14:47:07","date_gmt":"2021-03-01T13:47:07","guid":{"rendered":"http:\/\/indomerch.fr\/?post_type=product&#038;p=315"},"modified":"2021-04-21T16:16:19","modified_gmt":"2021-04-21T14:16:19","slug":"mug-isotherme-croix-40","status":"publish","type":"product","link":"https:\/\/indomerch.fr\/index.php\/produit\/mug-isotherme-croix-40\/","title":{"rendered":"Mug isotherme \u00ab\u00a0Croix 40\u00a0\u00bb"},"content":{"rendered":"","protected":false},"excerpt":{"rendered":"<p><span class=\"\">Gourde isotherme (d\u00e9sign\u00e9e par le site officiel comme un \u00ab\u00a0mug\u00a0\u00bb) vendue \u00e0 l&rsquo;occasion de la sortie du premier volume \u00ab\u00a0Singles Collection 2001-2021\u00a0\u00bb.<\/span><\/p>\n<p><span class=\"\">Elle a \u00e9t\u00e9 mise en vente du 28 au 31 ao\u00fbt 2020 au pop-up store \u00e0 Paris, puis en ligne \u00e0 compter du 10 septembre 2020 au prix de 20 \u20ac.<br \/>\n<\/span><\/p>\n","protected":false},"featured_media":316,"template":"","meta":[],"product_cat":[125],"product_tag":[76,21,77,75],"_links":{"self":[{"href":"https:\/\/indomerch.fr\/index.php\/wp-json\/wp\/v2\/product\/315"}],"collection":[{"href":"https:\/\/indomerch.fr\/index.php\/wp-json\/wp\/v2\/product"}],"about":[{"href":"https:\/\/indomerch.fr\/index.php\/wp-json\/wp\/v2\/types\/product"}],"version-history":[{"count":2,"href":"https:\/\/indomerch.fr\/index.php\/wp-json\/wp\/v2\/product\/315\/revisions"}],"predecessor-version":[{"id":395,"href":"https:\/\/indomerch.fr\/index.php\/wp-json\/wp\/v2\/product\/315\/revisions\/395"}],"wp:featuredmedia":[{"embeddable":true,"href":"https:\/\/indomerch.fr\/index.php\/wp-json\/wp\/v2\/media\/316"}],"wp:attachment":[{"href":"https:\/\/indomerch.fr\/index.php\/wp-json\/wp\/v2\/media?parent=315"}],"wp:term":[{"taxonomy":"product_cat","embeddable":true,"href":"https:\/\/indomerch.fr\/index.php\/wp-json\/wp\/v2\/product_cat?post=315"},{"taxonomy":"product_tag","embeddable":true,"href":"https:\/\/indomerch.fr\/index.php\/wp-json\/wp\/v2\/product_tag?post=315"}],"curies":[{"name":"wp","href":"https:\/\/api.w.org\/{rel}","templated":true}]}}