{"id":333,"date":"2021-03-01T15:00:18","date_gmt":"2021-03-01T14:00:18","guid":{"rendered":"http:\/\/indomerch.fr\/?post_type=product&#038;p=333"},"modified":"2021-05-13T13:46:36","modified_gmt":"2021-05-13T11:46:36","slug":"t-shirt-blanc-croix","status":"publish","type":"product","link":"https:\/\/indomerch.fr\/index.php\/produit\/t-shirt-blanc-croix\/","title":{"rendered":"T-shirt \u00ab\u00a0Croix Clip 40\u00a0\u00bb"},"content":{"rendered":"","protected":false},"excerpt":{"rendered":"<p><span class=\"\">Image extraite de la fin du clip \u00ab\u00a0Nos c\u00e9l\u00e9brations\u00a0\u00bb, sorti en 2020.<\/span><\/p>\n<p>Ce t-shirt a \u00e9t\u00e9 mis en vente entre le 28 et le 31 ao\u00fbt 2020 \u00e0 la boutique \u00e9ph\u00e9m\u00e8re \u00e0 Paris, puis puis en ligne \u00e0 partir du 10 septembre 2020, au au prix de 25 \u20ac.<\/p>\n","protected":false},"featured_media":334,"template":"","meta":[],"product_cat":[125],"product_tag":[21,86,45],"_links":{"self":[{"href":"https:\/\/indomerch.fr\/index.php\/wp-json\/wp\/v2\/product\/333"}],"collection":[{"href":"https:\/\/indomerch.fr\/index.php\/wp-json\/wp\/v2\/product"}],"about":[{"href":"https:\/\/indomerch.fr\/index.php\/wp-json\/wp\/v2\/types\/product"}],"version-history":[{"count":3,"href":"https:\/\/indomerch.fr\/index.php\/wp-json\/wp\/v2\/product\/333\/revisions"}],"predecessor-version":[{"id":814,"href":"https:\/\/indomerch.fr\/index.php\/wp-json\/wp\/v2\/product\/333\/revisions\/814"}],"wp:featuredmedia":[{"embeddable":true,"href":"https:\/\/indomerch.fr\/index.php\/wp-json\/wp\/v2\/media\/334"}],"wp:attachment":[{"href":"https:\/\/indomerch.fr\/index.php\/wp-json\/wp\/v2\/media?parent=333"}],"wp:term":[{"taxonomy":"product_cat","embeddable":true,"href":"https:\/\/indomerch.fr\/index.php\/wp-json\/wp\/v2\/product_cat?post=333"},{"taxonomy":"product_tag","embeddable":true,"href":"https:\/\/indomerch.fr\/index.php\/wp-json\/wp\/v2\/product_tag?post=333"}],"curies":[{"name":"wp","href":"https:\/\/api.w.org\/{rel}","templated":true}]}}