{"id":365,"date":"2021-03-27T14:18:40","date_gmt":"2021-03-27T13:18:40","guid":{"rendered":"http:\/\/indomerch.fr\/?post_type=product&#038;p=365"},"modified":"2021-05-13T13:43:45","modified_gmt":"2021-05-13T11:43:45","slug":"t-shirt-paradize-tour-acte-ii","status":"publish","type":"product","link":"https:\/\/indomerch.fr\/index.php\/produit\/t-shirt-paradize-tour-acte-ii\/","title":{"rendered":"T-shirt \u00ab\u00a0Paradize Tour &#8211; Acte II\u00a0\u00bb"},"content":{"rendered":"","protected":false},"excerpt":{"rendered":"<p><span class=\"\">Dates de l&rsquo;acte II de la tourn\u00e9e Paradize Tour au dos du t-shirt.<br \/>\n<\/span><\/p>\n<p><span class=\"\">Ce mod\u00e8le a \u00e9t\u00e9 vendu pendant la tourn\u00e9e Paradize Tour (2002\/2003) puis en ligne entre 2002 et 2005 au prix de 25 \u20ac.<\/span><\/p>\n","protected":false},"featured_media":359,"template":"","meta":[],"product_cat":[31],"product_tag":[93,43,45],"_links":{"self":[{"href":"https:\/\/indomerch.fr\/index.php\/wp-json\/wp\/v2\/product\/365"}],"collection":[{"href":"https:\/\/indomerch.fr\/index.php\/wp-json\/wp\/v2\/product"}],"about":[{"href":"https:\/\/indomerch.fr\/index.php\/wp-json\/wp\/v2\/types\/product"}],"version-history":[{"count":4,"href":"https:\/\/indomerch.fr\/index.php\/wp-json\/wp\/v2\/product\/365\/revisions"}],"predecessor-version":[{"id":812,"href":"https:\/\/indomerch.fr\/index.php\/wp-json\/wp\/v2\/product\/365\/revisions\/812"}],"wp:featuredmedia":[{"embeddable":true,"href":"https:\/\/indomerch.fr\/index.php\/wp-json\/wp\/v2\/media\/359"}],"wp:attachment":[{"href":"https:\/\/indomerch.fr\/index.php\/wp-json\/wp\/v2\/media?parent=365"}],"wp:term":[{"taxonomy":"product_cat","embeddable":true,"href":"https:\/\/indomerch.fr\/index.php\/wp-json\/wp\/v2\/product_cat?post=365"},{"taxonomy":"product_tag","embeddable":true,"href":"https:\/\/indomerch.fr\/index.php\/wp-json\/wp\/v2\/product_tag?post=365"}],"curies":[{"name":"wp","href":"https:\/\/api.w.org\/{rel}","templated":true}]}}