{"id":382,"date":"2021-03-28T19:45:08","date_gmt":"2021-03-28T17:45:08","guid":{"rendered":"http:\/\/indomerch.fr\/?post_type=product&#038;p=382"},"modified":"2021-04-21T16:15:32","modified_gmt":"2021-04-21T14:15:32","slug":"t-shirt-nos-celebrations","status":"publish","type":"product","link":"https:\/\/indomerch.fr\/index.php\/produit\/t-shirt-nos-celebrations\/","title":{"rendered":"T-shirt \u00ab\u00a0Nos C\u00e9l\u00e9brations\u00a0\u00bb"},"content":{"rendered":"","protected":false},"excerpt":{"rendered":"<p>Mis en ligne le 26 mai 2020, et vendu entre le 28 et le 31 ao\u00fbt 2020 \u00e0 la boutique \u00e9ph\u00e9m\u00e8re \u00e0 Paris au prix de 25 \u20ac.<\/p>\n","protected":false},"featured_media":377,"template":"","meta":[],"product_cat":[125],"product_tag":[21],"_links":{"self":[{"href":"https:\/\/indomerch.fr\/index.php\/wp-json\/wp\/v2\/product\/382"}],"collection":[{"href":"https:\/\/indomerch.fr\/index.php\/wp-json\/wp\/v2\/product"}],"about":[{"href":"https:\/\/indomerch.fr\/index.php\/wp-json\/wp\/v2\/types\/product"}],"version-history":[{"count":2,"href":"https:\/\/indomerch.fr\/index.php\/wp-json\/wp\/v2\/product\/382\/revisions"}],"predecessor-version":[{"id":424,"href":"https:\/\/indomerch.fr\/index.php\/wp-json\/wp\/v2\/product\/382\/revisions\/424"}],"wp:featuredmedia":[{"embeddable":true,"href":"https:\/\/indomerch.fr\/index.php\/wp-json\/wp\/v2\/media\/377"}],"wp:attachment":[{"href":"https:\/\/indomerch.fr\/index.php\/wp-json\/wp\/v2\/media?parent=382"}],"wp:term":[{"taxonomy":"product_cat","embeddable":true,"href":"https:\/\/indomerch.fr\/index.php\/wp-json\/wp\/v2\/product_cat?post=382"},{"taxonomy":"product_tag","embeddable":true,"href":"https:\/\/indomerch.fr\/index.php\/wp-json\/wp\/v2\/product_tag?post=382"}],"curies":[{"name":"wp","href":"https:\/\/api.w.org\/{rel}","templated":true}]}}