{"id":414,"date":"2021-04-04T17:42:48","date_gmt":"2021-04-04T15:42:48","guid":{"rendered":"http:\/\/indomerch.fr\/?post_type=product&#038;p=414"},"modified":"2021-04-21T16:15:17","modified_gmt":"2021-04-21T14:15:17","slug":"etui-pochette-lunettes-indo-40","status":"publish","type":"product","link":"https:\/\/indomerch.fr\/index.php\/produit\/etui-pochette-lunettes-indo-40\/","title":{"rendered":"Etui (pochette) lunettes \u00ab\u00a0Indo 40\u00a0\u00bb"},"content":{"rendered":"<p>&nbsp;<\/p>\n<p>&nbsp;<\/p>\n<p>&nbsp;<\/p>\n","protected":false},"excerpt":{"rendered":"<p>Mis en vente entre le 28 et le 31 ao\u00fbt 2020 \u00e0 la boutique \u00e9ph\u00e9m\u00e8re \u00e0 Paris, puis en ligne \u00e0 compter du 10 septembre 2020 au prix de 5 \u20ac.<\/p>\n<p>&nbsp;<\/p>\n","protected":false},"featured_media":407,"template":"","meta":[],"product_cat":[125],"product_tag":[102,21,92],"_links":{"self":[{"href":"https:\/\/indomerch.fr\/index.php\/wp-json\/wp\/v2\/product\/414"}],"collection":[{"href":"https:\/\/indomerch.fr\/index.php\/wp-json\/wp\/v2\/product"}],"about":[{"href":"https:\/\/indomerch.fr\/index.php\/wp-json\/wp\/v2\/types\/product"}],"version-history":[{"count":3,"href":"https:\/\/indomerch.fr\/index.php\/wp-json\/wp\/v2\/product\/414\/revisions"}],"predecessor-version":[{"id":421,"href":"https:\/\/indomerch.fr\/index.php\/wp-json\/wp\/v2\/product\/414\/revisions\/421"}],"wp:featuredmedia":[{"embeddable":true,"href":"https:\/\/indomerch.fr\/index.php\/wp-json\/wp\/v2\/media\/407"}],"wp:attachment":[{"href":"https:\/\/indomerch.fr\/index.php\/wp-json\/wp\/v2\/media?parent=414"}],"wp:term":[{"taxonomy":"product_cat","embeddable":true,"href":"https:\/\/indomerch.fr\/index.php\/wp-json\/wp\/v2\/product_cat?post=414"},{"taxonomy":"product_tag","embeddable":true,"href":"https:\/\/indomerch.fr\/index.php\/wp-json\/wp\/v2\/product_tag?post=414"}],"curies":[{"name":"wp","href":"https:\/\/api.w.org\/{rel}","templated":true}]}}