{"id":416,"date":"2021-04-04T17:47:48","date_gmt":"2021-04-04T15:47:48","guid":{"rendered":"http:\/\/indomerch.fr\/?post_type=product&#038;p=416"},"modified":"2021-04-21T16:15:09","modified_gmt":"2021-04-21T14:15:09","slug":"sac-de-voyage-indo-40","status":"publish","type":"product","link":"https:\/\/indomerch.fr\/index.php\/produit\/sac-de-voyage-indo-40\/","title":{"rendered":"Sac de voyage \u00ab\u00a0Indo 40\u00a0\u00bb"},"content":{"rendered":"","protected":false},"excerpt":{"rendered":"<p>Mis en vente entre le 28 et le 31 ao\u00fbt 2020 \u00e0 la boutique \u00e9ph\u00e9m\u00e8re \u00e0 Paris, puis en ligne \u00e0 compter du 10 septembre 2020 au prix de 25 \u20ac.<\/p>\n","protected":false},"featured_media":409,"template":"","meta":[],"product_cat":[125],"product_tag":[98,55],"_links":{"self":[{"href":"https:\/\/indomerch.fr\/index.php\/wp-json\/wp\/v2\/product\/416"}],"collection":[{"href":"https:\/\/indomerch.fr\/index.php\/wp-json\/wp\/v2\/product"}],"about":[{"href":"https:\/\/indomerch.fr\/index.php\/wp-json\/wp\/v2\/types\/product"}],"version-history":[{"count":2,"href":"https:\/\/indomerch.fr\/index.php\/wp-json\/wp\/v2\/product\/416\/revisions"}],"predecessor-version":[{"id":419,"href":"https:\/\/indomerch.fr\/index.php\/wp-json\/wp\/v2\/product\/416\/revisions\/419"}],"wp:featuredmedia":[{"embeddable":true,"href":"https:\/\/indomerch.fr\/index.php\/wp-json\/wp\/v2\/media\/409"}],"wp:attachment":[{"href":"https:\/\/indomerch.fr\/index.php\/wp-json\/wp\/v2\/media?parent=416"}],"wp:term":[{"taxonomy":"product_cat","embeddable":true,"href":"https:\/\/indomerch.fr\/index.php\/wp-json\/wp\/v2\/product_cat?post=416"},{"taxonomy":"product_tag","embeddable":true,"href":"https:\/\/indomerch.fr\/index.php\/wp-json\/wp\/v2\/product_tag?post=416"}],"curies":[{"name":"wp","href":"https:\/\/api.w.org\/{rel}","templated":true}]}}