{"id":451,"date":"2021-04-13T18:43:23","date_gmt":"2021-04-13T16:43:23","guid":{"rendered":"http:\/\/indomerch.fr\/?post_type=product&#038;p=451"},"modified":"2021-04-21T16:14:37","modified_gmt":"2021-04-21T14:14:37","slug":"bracelet-croix-40","status":"publish","type":"product","link":"https:\/\/indomerch.fr\/index.php\/produit\/bracelet-croix-40\/","title":{"rendered":"Bracelet \u00ab\u00a0Croix 40\u00a0\u00bb"},"content":{"rendered":"","protected":false},"excerpt":{"rendered":"<p>Mis en vente entre le 28 et le 31 ao\u00fbt 2020 \u00e0 la boutique \u00e9ph\u00e9m\u00e8re \u00e0 Paris puis en ligne \u00e0 compter du 10 septembre 2020 au prix de 10 \u20ac.<\/p>\n","protected":false},"featured_media":436,"template":"","meta":[],"product_cat":[125],"product_tag":[107,21],"_links":{"self":[{"href":"https:\/\/indomerch.fr\/index.php\/wp-json\/wp\/v2\/product\/451"}],"collection":[{"href":"https:\/\/indomerch.fr\/index.php\/wp-json\/wp\/v2\/product"}],"about":[{"href":"https:\/\/indomerch.fr\/index.php\/wp-json\/wp\/v2\/types\/product"}],"version-history":[{"count":1,"href":"https:\/\/indomerch.fr\/index.php\/wp-json\/wp\/v2\/product\/451\/revisions"}],"predecessor-version":[{"id":452,"href":"https:\/\/indomerch.fr\/index.php\/wp-json\/wp\/v2\/product\/451\/revisions\/452"}],"wp:featuredmedia":[{"embeddable":true,"href":"https:\/\/indomerch.fr\/index.php\/wp-json\/wp\/v2\/media\/436"}],"wp:attachment":[{"href":"https:\/\/indomerch.fr\/index.php\/wp-json\/wp\/v2\/media?parent=451"}],"wp:term":[{"taxonomy":"product_cat","embeddable":true,"href":"https:\/\/indomerch.fr\/index.php\/wp-json\/wp\/v2\/product_cat?post=451"},{"taxonomy":"product_tag","embeddable":true,"href":"https:\/\/indomerch.fr\/index.php\/wp-json\/wp\/v2\/product_tag?post=451"}],"curies":[{"name":"wp","href":"https:\/\/api.w.org\/{rel}","templated":true}]}}