{"id":476,"date":"2021-04-15T16:51:59","date_gmt":"2021-04-15T14:51:59","guid":{"rendered":"http:\/\/indomerch.fr\/?post_type=product&#038;p=476"},"modified":"2021-04-21T16:14:31","modified_gmt":"2021-04-21T14:14:31","slug":"lot-de-15-magnets-indo-40","status":"publish","type":"product","link":"https:\/\/indomerch.fr\/index.php\/produit\/lot-de-15-magnets-indo-40\/","title":{"rendered":"Lot de 15 magnets \u00ab\u00a0Indo 40\u00a0\u00bb"},"content":{"rendered":"","protected":false},"excerpt":{"rendered":"<p>Lot de 15 magnets aimant\u00e9s (log\u00e9s dans une pochette noire \u00ab\u00a0Croix 40\u00a0\u00bb) repr\u00e9sentant les 15 albums studio du groupe, ainsi que les 2 compilations \u00ab\u00a0Singles Collection\u00a0\u00bb.<\/p>\n<p>Mis en vente entre le 28 et le 31 ao\u00fbt 2020 \u00e0 la boutique \u00e9ph\u00e9m\u00e8re \u00e0 Paris puis en ligne \u00e0 compter du 10 septembre 2020 au prix de 35 \u20ac.<\/p>\n","protected":false},"featured_media":463,"template":"","meta":[],"product_cat":[125],"product_tag":[21,115],"_links":{"self":[{"href":"https:\/\/indomerch.fr\/index.php\/wp-json\/wp\/v2\/product\/476"}],"collection":[{"href":"https:\/\/indomerch.fr\/index.php\/wp-json\/wp\/v2\/product"}],"about":[{"href":"https:\/\/indomerch.fr\/index.php\/wp-json\/wp\/v2\/types\/product"}],"version-history":[{"count":1,"href":"https:\/\/indomerch.fr\/index.php\/wp-json\/wp\/v2\/product\/476\/revisions"}],"predecessor-version":[{"id":477,"href":"https:\/\/indomerch.fr\/index.php\/wp-json\/wp\/v2\/product\/476\/revisions\/477"}],"wp:featuredmedia":[{"embeddable":true,"href":"https:\/\/indomerch.fr\/index.php\/wp-json\/wp\/v2\/media\/463"}],"wp:attachment":[{"href":"https:\/\/indomerch.fr\/index.php\/wp-json\/wp\/v2\/media?parent=476"}],"wp:term":[{"taxonomy":"product_cat","embeddable":true,"href":"https:\/\/indomerch.fr\/index.php\/wp-json\/wp\/v2\/product_cat?post=476"},{"taxonomy":"product_tag","embeddable":true,"href":"https:\/\/indomerch.fr\/index.php\/wp-json\/wp\/v2\/product_tag?post=476"}],"curies":[{"name":"wp","href":"https:\/\/api.w.org\/{rel}","templated":true}]}}