{"id":527,"date":"2021-04-16T18:05:33","date_gmt":"2021-04-16T16:05:33","guid":{"rendered":"http:\/\/indomerch.fr\/?post_type=product&#038;p=527"},"modified":"2021-05-13T13:57:04","modified_gmt":"2021-05-13T11:57:04","slug":"t-shirt-visage-nicola-indo-40","status":"publish","type":"product","link":"https:\/\/indomerch.fr\/index.php\/produit\/t-shirt-visage-nicola-indo-40\/","title":{"rendered":"T-shirt \u00ab\u00a0Nicola Indo 40\u00a0\u00bb"},"content":{"rendered":"","protected":false},"excerpt":{"rendered":"<p>Mis en vente entre le 28 et le 31 ao\u00fbt 2020 \u00e0 la boutique \u00e9ph\u00e9m\u00e8re \u00e0 Paris\u00a0 puis en ligne \u00e0 compter du 10 septembre 2020 au prix de 25 \u20ac.<\/p>\n","protected":false},"featured_media":526,"template":"","meta":[],"product_cat":[125],"product_tag":[21,45],"_links":{"self":[{"href":"https:\/\/indomerch.fr\/index.php\/wp-json\/wp\/v2\/product\/527"}],"collection":[{"href":"https:\/\/indomerch.fr\/index.php\/wp-json\/wp\/v2\/product"}],"about":[{"href":"https:\/\/indomerch.fr\/index.php\/wp-json\/wp\/v2\/types\/product"}],"version-history":[{"count":2,"href":"https:\/\/indomerch.fr\/index.php\/wp-json\/wp\/v2\/product\/527\/revisions"}],"predecessor-version":[{"id":823,"href":"https:\/\/indomerch.fr\/index.php\/wp-json\/wp\/v2\/product\/527\/revisions\/823"}],"wp:featuredmedia":[{"embeddable":true,"href":"https:\/\/indomerch.fr\/index.php\/wp-json\/wp\/v2\/media\/526"}],"wp:attachment":[{"href":"https:\/\/indomerch.fr\/index.php\/wp-json\/wp\/v2\/media?parent=527"}],"wp:term":[{"taxonomy":"product_cat","embeddable":true,"href":"https:\/\/indomerch.fr\/index.php\/wp-json\/wp\/v2\/product_cat?post=527"},{"taxonomy":"product_tag","embeddable":true,"href":"https:\/\/indomerch.fr\/index.php\/wp-json\/wp\/v2\/product_tag?post=527"}],"curies":[{"name":"wp","href":"https:\/\/api.w.org\/{rel}","templated":true}]}}