{"id":667,"date":"2021-05-01T20:08:44","date_gmt":"2021-05-01T18:08:44","guid":{"rendered":"http:\/\/indomerch.fr\/?post_type=product&#038;p=667"},"modified":"2021-05-01T20:08:45","modified_gmt":"2021-05-01T18:08:45","slug":"t-shirt-13-tour-1ere-vague-2eme-version","status":"publish","type":"product","link":"https:\/\/indomerch.fr\/index.php\/produit\/t-shirt-13-tour-1ere-vague-2eme-version\/","title":{"rendered":"T-shirt \u00ab\u00a013 Tour &#8211; 1\u00e8re vague\u00a0\u00bb (2\u00e8me version)"},"content":{"rendered":"","protected":false},"excerpt":{"rendered":"<p>T-shirt \u00ab 13 Tour \u2013 1\u00e8re vague \u00bb (seconde version) vendu \u00e0 compter du 10 f\u00e9vrier 2018 (d\u00e9but de la premi\u00e8re vague) au prix de 25 \u20ac. Disponible en trois coupes : femme, homme et enfant.<\/p>\n","protected":false},"featured_media":636,"template":"","meta":[],"product_cat":[124],"product_tag":[49,133,45],"_links":{"self":[{"href":"https:\/\/indomerch.fr\/index.php\/wp-json\/wp\/v2\/product\/667"}],"collection":[{"href":"https:\/\/indomerch.fr\/index.php\/wp-json\/wp\/v2\/product"}],"about":[{"href":"https:\/\/indomerch.fr\/index.php\/wp-json\/wp\/v2\/types\/product"}],"version-history":[{"count":1,"href":"https:\/\/indomerch.fr\/index.php\/wp-json\/wp\/v2\/product\/667\/revisions"}],"predecessor-version":[{"id":668,"href":"https:\/\/indomerch.fr\/index.php\/wp-json\/wp\/v2\/product\/667\/revisions\/668"}],"wp:featuredmedia":[{"embeddable":true,"href":"https:\/\/indomerch.fr\/index.php\/wp-json\/wp\/v2\/media\/636"}],"wp:attachment":[{"href":"https:\/\/indomerch.fr\/index.php\/wp-json\/wp\/v2\/media?parent=667"}],"wp:term":[{"taxonomy":"product_cat","embeddable":true,"href":"https:\/\/indomerch.fr\/index.php\/wp-json\/wp\/v2\/product_cat?post=667"},{"taxonomy":"product_tag","embeddable":true,"href":"https:\/\/indomerch.fr\/index.php\/wp-json\/wp\/v2\/product_tag?post=667"}],"curies":[{"name":"wp","href":"https:\/\/api.w.org\/{rel}","templated":true}]}}