{"id":752,"date":"2021-05-08T20:01:29","date_gmt":"2021-05-08T18:01:29","guid":{"rendered":"http:\/\/indomerch.fr\/?post_type=product&#038;p=752"},"modified":"2021-05-08T20:01:30","modified_gmt":"2021-05-08T18:01:30","slug":"casquette-13-tour","status":"publish","type":"product","link":"https:\/\/indomerch.fr\/index.php\/produit\/casquette-13-tour\/","title":{"rendered":"Casquette \u00ab\u00a013 Tour\u00a0\u00bb"},"content":{"rendered":"","protected":false},"excerpt":{"rendered":"<p>Cette casquette \u00ab\u00a013 Tour\u00a0\u00bb s&rsquo;est vendue pendant la premi\u00e8re vague jusqu&rsquo;au concert de Dijon du 10 avril 2018, au prix de 15 \u20ac. Elle a, ensuite, \u00e9t\u00e9 remplac\u00e9e par la casquette brod\u00e9e \u00ab\u00a013 Tour\u00a0\u00bb.<\/p>\n<p>A noter que ces casquettes n&rsquo;ont jamais \u00e9t\u00e9 vendues en ligne.<\/p>\n","protected":false},"featured_media":716,"template":"","meta":[],"product_cat":[124],"product_tag":[49,103],"_links":{"self":[{"href":"https:\/\/indomerch.fr\/index.php\/wp-json\/wp\/v2\/product\/752"}],"collection":[{"href":"https:\/\/indomerch.fr\/index.php\/wp-json\/wp\/v2\/product"}],"about":[{"href":"https:\/\/indomerch.fr\/index.php\/wp-json\/wp\/v2\/types\/product"}],"version-history":[{"count":1,"href":"https:\/\/indomerch.fr\/index.php\/wp-json\/wp\/v2\/product\/752\/revisions"}],"predecessor-version":[{"id":753,"href":"https:\/\/indomerch.fr\/index.php\/wp-json\/wp\/v2\/product\/752\/revisions\/753"}],"wp:featuredmedia":[{"embeddable":true,"href":"https:\/\/indomerch.fr\/index.php\/wp-json\/wp\/v2\/media\/716"}],"wp:attachment":[{"href":"https:\/\/indomerch.fr\/index.php\/wp-json\/wp\/v2\/media?parent=752"}],"wp:term":[{"taxonomy":"product_cat","embeddable":true,"href":"https:\/\/indomerch.fr\/index.php\/wp-json\/wp\/v2\/product_cat?post=752"},{"taxonomy":"product_tag","embeddable":true,"href":"https:\/\/indomerch.fr\/index.php\/wp-json\/wp\/v2\/product_tag?post=752"}],"curies":[{"name":"wp","href":"https:\/\/api.w.org\/{rel}","templated":true}]}}